106 a factor of 101276204?
False
Is 1428133549 a multiple of 191?
True
Is 10369609 a multiple of 289?
True
Is 762291708 a multiple of 893?
False
Does 17 divide 206647359?
True
Is 1771 a factor of 3494588?
False
Does 15 divide 208617596?
False
Is 1171 a factor of 1350083372?
True
Is 13 a factor of 101134657?
True
Is 110672036 a multiple of 19?
True
Is 1272 a factor of 757473456?
True
Is 136064900 a multiple of 172?
True
Is 5 a factor of 27185450?
True
Is 10413200 a multiple of 10?
True
Is 258726420 a multiple of 135?
True
Is 1777060960 a multiple of 460?
True
Is 43 a factor of 57745307?
False
Is 161 a factor of 11839296?
True
Does 53 divide 1031139380?
True
Is 617080482 a multiple of 558?
True
Does 510 divide 555458276?
False
Is 744301035 a multiple of 15?
True
Is 70363053 a multiple of 305?
False
Is 22753666 a multiple of 12?
False
Is 32 a factor of 263999936?
True
Is 11 a factor of 363811891?
False
Is 20598467 a multiple of 8?
False
Is 670 a factor of 24165560?
True
Is 369804640 a multiple of 148?
True
Is 97074991 a multiple of 57?
False
Does 7706 divide 1253773906?
True
Is 1289029509 a multiple of 1773?
True
Is 86226030 a multiple of 22?
True
Is 33 a factor of 759023059?
False
Does 7 divide 817778814?
False
Is 11573 a factor of 1539417314?
True
Does 1328 divide 2350298242?
False
Is 13329310 a multiple of 8?
False
Is 50936600 a multiple of 359?
False
Is 335272920 a multiple of 15?
True
Is 512 a factor of 11304960?
True
Is 389937968 a multiple of 2044?
True
Is 2427194364 a multiple of 2922?
True
Does 945 divide 56580868?
False
Is 81461025 a multiple of 255?
True
Does 1727 divide 26304553?
False
Does 9 divide 3215855632?
False
Is 110662066 a multiple of 178?
True
Is 82 a factor of 69126770?
False
Does 10 divide 30644810?
True
Does 84 divide 59241504?
True
Is 7275392 a multiple of 64?
True
Does 29 divide 300138994?
False
Is 71462498 a multiple of 1481?
False
Does 2 divide 17925374?
True
Does 202 divide 8620321?
False
Is 727559233 a multiple of 567?
False
Does 71 divide 719443?
True
Is 94657194 a multiple of 53?
False
Is 2262077256 a multiple of 204?
True
Is 776289098 a multiple of 26?
True
Is 69347648 a multiple of 892?
True
Is 1655272590 a multiple of 465?
True
Is 44 a factor of 5553229?
False
Is 65 a factor of 46096209?
False
Is 204 a factor of 52498584?
True
Is 252901418 a multiple of 14?
True
Does 57 divide 2463553566?
True
Is 6089 a factor of 4384317471?
True
Is 2537 a factor of 237042058?
True
Does 184 divide 26429576?
True
Is 26 a factor of 2862232?
False
Is 130 a factor of 20294950?
True
Is 167 a factor of 874415340?
True
Is 1447639780 a multiple of 346?
True
Does 288 divide 88100621?
False
Is 22368032 a multiple of 214?
False
Is 125635440 a multiple of 12?
True
Is 1005668252 a multiple of 2846?
True
Does 566 divide 39891002?
False
Does 12 divide 69135288?
True
Does 2 divide 13866711?
False
Does 246 divide 256302012?
False
Is 1618 a factor of 1097681942?
True
Does 26 divide 1875721187?
False
Does 643 divide 2933898404?
True
Is 1727 a factor of 2901328497?
False
Is 323450472 a multiple of 69?
True
Does 343 divide 16516357?
False
Is 1624448490 a multiple of 70?
True
Is 46126230 a multiple of 3?
True
Is 475045935 a multiple of 49?
True
Does 16 divide 1143002864?
True
Is 1811077416 a multiple of 8056?
True
Is 3510 a factor of 104608530?
True
Does 89 divide 30915281?
False
Is 145987502 a multiple of 6?
False
Is 57 a factor of 801486633?
True
Is 5068512 a multiple of 158?
False
Is 3 a factor of 13308189?
True
Does 199 divide 279783374?
False
Does 389 divide 1583469620?
False
Is 2729 a factor of 421960047?
False
Is 12529365 a multiple of 1890?
False
Does 1410 divide 25918620?
True
Is 205 a factor of 937109940?
True
Is 24602536 a multiple of 602?
True
Is 936 a factor of 196618968?
True
Does 105 divide 172691715?
True
Is 19306867 a multiple of 554?
False
Is 501452905 a multiple of 147?
False
Does 58 divide 1245956?
True
Is 30940704 a multiple of 7776?
True
Is 151 a factor of 483149657?
False
Is 12 a factor of 38941284?
True
Is 2913195350 a multiple of 65?
True
Is 5782 a factor of 812868252?
True
Is 395676842 a multiple of 548?
False
Is 2380753 a multiple of 23?
True
Does 7 divide 15776857?
False
Is 2834 a factor of 1594284?
False
Does 66 divide 69827263?
False
Is 118846377 a multiple of 232?
False
Is 31941576 a multiple of 8?
True
Does 876 divide 10660933?
False
Is 276058197 a multiple of 14?
False
Is 71 a factor of 62360720?
True
Is 17906778 a multiple of 186?
True
Is 302019322 a multiple of 848?
False
Does 595 divide 86082815?
True
Is 130804732 a multiple of 344?
False
Does 100 divide 622970000?
True
Is 54 a factor of 789685449?
False
Does 10 divide 252529999?
False
Does 2889 divide 414915017?
False
Is 45385900 a multiple of 35?
True
Does 6991 divide 862642311?
False
Does 4203 divide 553716248?
False
Is 33172504 a multiple of 1593?
False
Does 86 divide 1693153466?
True
Does 1310 divide 736729094?
False
Is 408320946 a multiple of 4026?
True
Is 1696 a factor of 69254464?
True
Is 11 a factor of 535979378?
True
Is 1161935540 a multiple of 9897?
False
Is 153590920 a multiple of 119?
True
Does 27 divide 2006400098?
False
Is 25039521 a multiple of 221?
True
Is 122 a factor of 81221446?
False
Is 181 a factor of 210322724?
True
Does 16 divide 91446083?
False
Does 6 divide 31435897?
False
Is 1821300409 a multiple of 9041?
True
Does 90 divide 21313800?
True
Does 212 divide 1969961028?
True
Does 14 divide 292742042?
False
Does 330 divide 200145834?
False
Does 161 divide 3932425?
True
Is 8 a factor of 7007623?
False
Is 245 a factor of 46452725?
False
Is 21 a factor of 173130342?
True
Is 654 a factor of 72693639?
False
Is 1087 a factor of 2623795165?
True
Is 12 a factor of 25628520?
True
Is 15617763 a multiple of 33?
False
Is 24989138 a multiple of 1206?
False
Does 37 divide 58408607?
True
Is 2046 a factor of 37466930?
False
Is 1997 a factor of 42956367?
False
Does 7022 divide 869935880?
False
Is 71 a factor of 289940996?
True
Is 2 a factor of 3308423?
False
Is 185110972 a multiple of 1338?
False
Does 114 divide 41435010?
True
Is 633712791 a multiple of 350?
False
Is 362357312 a multiple of 17?
True
Is 34 a factor of 1126210186?
True
Does 57 divide 106363425?
True
Is 6 a factor of 1464667163?
False
Is 31435420 a multiple of 29?
True
Does 29 divide 23341408?
False
Is 123296666 a multiple of 83?
True
Does 3 divide 12634705?
False
Is 10330 a factor of 2175167440?
True
Is 46594614 a multiple of 451?
True
Does 23 divide 38546643?
True
Does 832 divide 730046970?
False
Does 26 divide 552454973?
False
Is 1006 a factor of 20568676?
True
Is 22 a factor of 6243747?
False
Is 392714 a multiple of 4?
False
Is 63 a factor of 153997075?
False
Is 333 a factor of 33325258?
False
Is 88 a factor of 187628473?
False
Is 3368 a factor of 48411632?
True
Is 1231014895 a multiple of 52?
False
Is 80161599 a multiple of 6363?
False
Does 26 divide 420320548?
False
Does 18 divide 257184668?
False
Is 1798748 a multiple of 100?
False
Is 392278880 a multiple of 23?
False
Is 1652066115 a multiple of 49?
True
Is 917587070 a multiple of 170?
True
Is 6725228 a multiple of 22?
False
Does 306 divide 3840680?
False
Does 12 divide 2004775475?
False
Is 91 a factor of 540516653?
False
Is 851194454 a multiple of 6516?
False
Is 26 a factor of 555611966?
True
Is 2635 a factor of 1224066509?
False
Is 2865 a factor of 1181771803?
False
Does 10 divide 244118090?
True
Is 252103 a multiple of 17?
False
Is 7 a factor of 4617072383?
True
Is 975708561 a multiple of 536?
False
Is 22540928 a multiple of 35?
False
Is 2003 a factor of 57629305?
False
Is 43819200 a multiple of 400?
True
Does 120 divide 1378821000?
True
Does 9 divide 410769531?
True
Is 8 a factor of 49600592?
True
Is 166624466 a multiple of 23?
True
Is 66350183 a multiple of 164?
False
Is 349 a factor of 137226800?
True
Is 1525 a factor of 1095334156?
False
Does 2 divide 199566014?
True
Is 22 a factor of 77591043?
False
Is 22020512 a multiple of 263?
False
Is 3072598 a multiple of 12?
False
Is 4472 a factor of 407270904?
False
Does 7 divide 13490267?
True
Is 10074450 a multiple of 1175?
True
Is 164535513 a multiple of 728?
False
Is 1035712800 a multiple of 339?
True
Is 1913399 a multiple of 49?
False
Is 47 a factor of 71117063?
True
Does 1448 di